{"id":373,"date":"2017-02-04T20:43:30","date_gmt":"2017-02-04T19:43:30","guid":{"rendered":"https:\/\/www.speculoos.gratis\/?page_id=373"},"modified":"2017-02-06T15:08:33","modified_gmt":"2017-02-06T14:08:33","slug":"caisse","status":"publish","type":"page","link":"https:\/\/www.speculoos.gratis\/?page_id=373","title":{"rendered":"Recettes"},"content":{"rendered":"<p>Voici une liste non-exhaustive des ingr\u00e9dients du SpeculoOS.GRATIS.<\/p>\n<p>Pour les plus ais\u00e9s, les parvenus, les philanthropes, &#8230;<\/p>\n<h2>La base:<\/h2>\n<p>Le <a href=\"https:\/\/kernel.org\/\" target=\"_blank\">noyau Linux<\/a>: il est quasiment impossible de faire un geste dans le monde actuel sans l&rsquo;utiliser. Appuyer sur le bouton d&rsquo;un appareil quelconque ne d\u00e9clencherait rien sans les milliers (milliards ?) d&rsquo;instanciations de ce noyau qui rendent l&rsquo;action possible. Si il \u00e9tait payant, le monde ne serait pas pareil. <a href=\"https:\/\/www.linuxfoundation.org\/\" target=\"_blank\">The Linux Foundation<\/a> semble \u00eatre la soci\u00e9t\u00e9 qui le <a href=\"https:\/\/www.linuxfoundation.org\/about\/linux-donate\" target=\"_blank\">finance<\/a>. D&rsquo;autres options sont possibles.<\/p>\n<p>Pour ne pas faire de jaloux, un autre *nix: <a href=\"https:\/\/www.openbsd.org\/\" target=\"_blank\">OpenBSD<\/a> est un OS fort s\u00e9curis\u00e9. Il est connu pour le d\u00e9veloppement d&rsquo;OpenSSH. Il y a plein de trucs cool dans leur <a href=\"https:\/\/www.openbsdstore.com\/\" target=\"_blank\">boutique<\/a>; on peut aussi y \u00e9couter de la musique int\u00e9ressante.<\/p>\n<h2>L&rsquo;information:<\/h2>\n<p>L&rsquo;Electronic Frontier Foundation (<a href=\"https:\/\/www.eff.org\/\" target=\"_blank\">EFF<\/a>) essaye que les avanc\u00e9es des nouvelles technologies n&rsquo;ali\u00e8ne pas l&rsquo;\u00eatre humain, fait la chasse aux <em>patent trolls<\/em>, &#8230; On trouve de chouettes <em><a href=\"https:\/\/supporters.eff.org\/shop\" target=\"_blank\">goodies<\/a><\/em> sur son site.<\/p>\n<p>Malgr\u00e9 de nombreux d\u00e9tracteurs r\u00e9actionnaires (le lobby encyclop\u00e9diste ?), <a href=\"https:\/\/www.wikipedia.org\/\" target=\"_blank\">Wikipedia<\/a> est une source d&rsquo;information libre, gratuite et sans publicit\u00e9. Chacun peut y contribuer ou faire un <a href=\"https:\/\/donate.wikimedia.org\/\" target=\"_blank\">don<\/a>.<\/p>\n<h2>Les outils:<\/h2>\n<p>La Free Software Foundation (<a href=\"https:\/\/www.fsf.org\/\" target=\"_blank\">FSF<\/a>) promeut le logiciel libre depuis 1985; elle a une page de <a href=\"https:\/\/my.fsf.org\/donate\" target=\"_blank\">dons<\/a>.<\/p>\n<p><a href=\"https:\/\/www.gnu.org\/\" target=\"_blank\">GNU<\/a> fournit, entre autres, des logiciels libres dont le magnifique \u00e9diteur d&rsquo;image <a href=\"https:\/\/www.gimp.org\/\" target=\"_blank\">GIMP<\/a> souvent utilis\u00e9 sur ce site. On peut les supporter via la FSF ou les pages de dons <a href=\"https:\/\/www.gnu.org\/help\/help.html\" target=\"_blank\">Aide GNU<\/a> et <a href=\"https:\/\/www.gimp.org\/donating\/\" target=\"_blank\">Don GIMP<\/a>.<\/p>\n<p>De m\u00eame que GIMP n&rsquo;a rien \u00e0 envier \u00e0 Photoshop, <a href=\"https:\/\/kdenlive.org\/\" target=\"_blank\">Kdenlive<\/a> joue dans la cour de Premiere, Vegas, Final Cut, &#8230; et dispose aussi d&rsquo;une grande communaut\u00e9 d&rsquo;utilisateurs. Il fait partie des nombreuses et indispensables applications <a href=\"https:\/\/www.kde.org\/\" target=\"_blank\">KDE<\/a>, qui propose aussi un environnement de bureau et une couche logicielle multiplate-forme. Il est possible de les aider via <a href=\"https:\/\/ev.kde.org\/\" target=\"_blank\">KDE e.V.<\/a>.<\/p>\n<p>Apr\u00e8s l&rsquo;image fixe et les images anim\u00e9es, voici le son: <a href=\"http:\/\/www.audacityteam.org\/\" target=\"_blank\">Audacity<\/a> permet de le manipuler ais\u00e9ment. Il est souvent utilis\u00e9 sur ce site. Voici leur page de <a href=\"http:\/\/www.audacityteam.org\/donate\/\" target=\"_blank\">dons<\/a>.<\/p>\n<p>La suite bureautique <a href=\"https:\/\/www.libreoffice.org\/\" target=\"_blank\">LibreOffice<\/a> remplace avantageusement Office et ne prend pas en otage les documents des utilisateurs dans un format propri\u00e9taire. Il est possible de faire un <a href=\"https:\/\/www.libreoffice.org\/donate\/\" target=\"_blank\">don<\/a>.<\/p>\n<p>On pourrait aussi citer <a href=\"https:\/\/httpd.apache.org\/\" target=\"_blank\">Apache<\/a>, <a href=\"http:\/\/www.lighttpd.net\/\" target=\"_blank\">lighttpd<\/a>, <a href=\"https:\/\/mariadb.org\/\" target=\"_blank\">MariaDB<\/a>, <a href=\"https:\/\/secure.php.net\/\" target=\"_blank\">PHP<\/a>, &#8230; la liste n&rsquo;en finit pas.<br \/>\nWordpress se cite bien tout seul, alors on le laisse dans son coin.<\/p>\n<h2>Une distro:<\/h2>\n<p>Comme il faut un OS pour faire tourner tout cela, <a href=\"https:\/\/www.opensuse.org\/\" target=\"_blank\">openSUSE<\/a> peut \u00eatre un choix int\u00e9ressant. Leur <a href=\"http:\/\/shop.opensuse.org\/\" target=\"_blank\">boutique<\/a> propose des produits tr\u00e8s vari\u00e9s: de la slache \u00e0 la casquette.<\/p>\n<h2>SpeculoOS.GRATIS:<\/h2>\n<p style=\"text-align: left;\">Comme expliqu\u00e9 plus haut, le co\u00fbt logiciel (hors dons) du SpeculoOS.GRATIS est nul. L&rsquo;amortissement du mat\u00e9riel se fait sur une p\u00e9riode longue car il n&rsquo;est pas n\u00e9cessaire de changer de cartes contr\u00f4leur, de p\u00e9riph\u00e9riques, &#8230; \u00e0 chaque mise \u00e0 jour syst\u00e8me: les drivers suivent.<br \/>\nLe co\u00fbt marginal du petit serveur qui h\u00e9berge le site est ridicule; tant qu&rsquo;il tient la charge actuelle (d&rsquo;o\u00f9 les \u00e9ventuelles lenteurs).<br \/>\nNos collaborateurs sont b\u00e9n\u00e9voles ou viennent d&rsquo;un endroit o\u00f9 l&rsquo;argent n&rsquo;existe pas.<br \/>\nMalgr\u00e9 tout, si c&rsquo;est vraiment n\u00e9cessaire, il possible d&rsquo;envoyer quelques (centimes de) bitcoins pour ce site:<\/p>\n<p style=\"text-align: center;\"><a href=\"bitcoin:17w7F3gRqxw53UyWgyfmmFrFue3JZcWyYM\"><img loading=\"lazy\" decoding=\"async\" class=\"aligncenter wp-image-393 size-full\" src=\"https:\/\/www.speculoos.gratis\/wp-content\/uploads\/2017\/02\/BTC-SpeculoOS.GRATIS-250.png\" alt=\"17w7F3gRqxw53UyWgyfmmFrFue3JZcWyYM\" width=\"250\" height=\"250\" srcset=\"https:\/\/www.speculoos.gratis\/wp-content\/uploads\/2017\/02\/BTC-SpeculoOS.GRATIS-250.png 250w, https:\/\/www.speculoos.gratis\/wp-content\/uploads\/2017\/02\/BTC-SpeculoOS.GRATIS-250-150x150.png 150w, https:\/\/www.speculoos.gratis\/wp-content\/uploads\/2017\/02\/BTC-SpeculoOS.GRATIS-250-100x100.png 100w\" sizes=\"auto, (max-width: 250px) 100vw, 250px\" \/><\/a>17w7F3gRqxw53UyWgyfmmFrFue3JZcWyYM<\/p>\n","protected":false},"excerpt":{"rendered":"<p>Voici une liste non-exhaustive des ingr\u00e9dients du SpeculoOS.GRATIS. Pour les plus ais\u00e9s, les parvenus, les philanthropes, &#8230; La base: Le noyau Linux: il est quasiment impossible de faire un geste dans le monde actuel sans l&rsquo;utiliser. Appuyer sur le bouton d&rsquo;un appareil quelconque ne d\u00e9clencherait rien sans les milliers (milliards ?) d&rsquo;instanciations de ce noyau &hellip; <\/p>\n<p class=\"link-more\"><a href=\"https:\/\/www.speculoos.gratis\/?page_id=373\" class=\"more-link\">Continuer la lecture<span class=\"screen-reader-text\"> de &laquo;&nbsp;Recettes&nbsp;&raquo;<\/span><\/a><\/p>\n","protected":false},"author":1,"featured_media":0,"parent":0,"menu_order":0,"comment_status":"closed","ping_status":"closed","template":"","meta":{"footnotes":""},"class_list":["post-373","page","type-page","status-publish","hentry"],"_links":{"self":[{"href":"https:\/\/www.speculoos.gratis\/index.php?rest_route=\/wp\/v2\/pages\/373","targetHints":{"allow":["GET"]}}],"collection":[{"href":"https:\/\/www.speculoos.gratis\/index.php?rest_route=\/wp\/v2\/pages"}],"about":[{"href":"https:\/\/www.speculoos.gratis\/index.php?rest_route=\/wp\/v2\/types\/page"}],"author":[{"embeddable":true,"href":"https:\/\/www.speculoos.gratis\/index.php?rest_route=\/wp\/v2\/users\/1"}],"replies":[{"embeddable":true,"href":"https:\/\/www.speculoos.gratis\/index.php?rest_route=%2Fwp%2Fv2%2Fcomments&post=373"}],"version-history":[{"count":12,"href":"https:\/\/www.speculoos.gratis\/index.php?rest_route=\/wp\/v2\/pages\/373\/revisions"}],"predecessor-version":[{"id":395,"href":"https:\/\/www.speculoos.gratis\/index.php?rest_route=\/wp\/v2\/pages\/373\/revisions\/395"}],"wp:attachment":[{"href":"https:\/\/www.speculoos.gratis\/index.php?rest_route=%2Fwp%2Fv2%2Fmedia&parent=373"}],"curies":[{"name":"wp","href":"https:\/\/api.w.org\/{rel}","templated":true}]}}